actors of 5349.
3, 1783
List the prime factors of 1258.
2, 17, 37
What are the prime factors of 3145?
5, 17, 37
What are the prime factors of 13102?
2, 6551
List the prime factors of 80131.
227, 353
List the prime factors of 5150.
2, 5, 103
What are the prime factors of 11476?
2, 19, 151
List the prime factors of 33444.
2, 3, 929
What are the prime factors of 7723?
7723
List the prime factors of 2104.
2, 263
What are the prime factors of 59826?
2, 3, 13, 59
What are the prime factors of 28834?
2, 13, 1109
What are the prime factors of 8188?
2, 23, 89
List the prime factors of 8530.
2, 5, 853
List the prime factors of 12583.
12583
List the prime factors of 303.
3, 101
What are the prime factors of 17764?
2, 4441
List the prime factors of 2844.
2, 3, 79
What are the prime factors of 24020?
2, 5, 1201
What are the prime factors of 17759?
7, 43, 59
List the prime factors of 946.
2, 11, 43
List the prime factors of 12128.
2, 379
List the prime factors of 19359.
3, 239
What are the prime factors of 50811?
3, 16937
List the prime factors of 76.
2, 19
List the prime factors of 59064.
2, 3, 23, 107
What are the prime factors of 859?
859
List the prime factors of 6578.
2, 11, 13, 23
List the prime factors of 35418.
2, 3, 5903
List the prime factors of 3229.
3229
What are the prime factors of 24724?
2, 7, 883
What are the prime factors of 63716?
2, 17, 937
List the prime factors of 1775.
5, 71
List the prime factors of 11427.
3, 13, 293
List the prime factors of 15918.
2, 3, 7, 379
List the prime factors of 6706.
2, 7, 479
List the prime factors of 39974.
2, 11, 23, 79
List the prime factors of 3960.
2, 3, 5, 11
List the prime factors of 2358.
2, 3, 131
List the prime factors of 9704.
2, 1213
List the prime factors of 1079.
13, 83
List the prime factors of 97296.
2, 3, 2027
List the prime factors of 5735.
5, 31, 37
What are the prime factors of 2052?
2, 3, 19
List the prime factors of 89194.
2, 7, 23, 277
What are the prime factors of 107065?
5, 7, 19, 23
What are the prime factors of 36860?
2, 5, 19, 97
What are the prime factors of 3713?
47, 79
What are the prime factors of 156675?
3, 5, 2089
What are the prime factors of 8417?
19, 443
What are the prime factors of 23523?
3, 7841
List the prime factors of 2997.
3, 37
List the prime factors of 4283.
4283
What are the prime factors of 423?
3, 47
What are the prime factors of 1848?
2, 3, 7, 11
What are the prime factors of 1405?
5, 281
What are the prime factors of 30218?
2, 29, 521
List the prime factors of 163.
163
List the prime factors of 4590.
2, 3, 5, 17
What are the prime factors of 36544?
2, 571
List the prime factors of 2734.
2, 1367
List the prime factors of 3916.
2, 11, 89
List the prime factors of 7078.
2, 3539
List the prime factors of 2251.
2251
What are the prime factors of 679?
7, 97
What are the prime factors of 522?
2, 3, 29
List the prime factors of 19239.
3, 11, 53
List the prime factors of 23162.
2, 37, 313
List the prime factors of 1685.
5, 337
List the prime factors of 21537.
3, 2393
What are the prime factors of 673?
673
What are the prime factors of 17704?
2, 2213
List the prime factors of 4381.
13, 337
List the prime factors of 1684.
2, 421
What are the prime factors of 67786?
2, 33893
List the prime factors of 2419.
41, 59
List the prime factors of 42482.
2, 11, 1931
List the prime factors of 134992.
2, 11, 13, 59
What are the prime factors of 12437?
12437
What are the prime factors of 121156?
2, 7, 4327
What are the prime factors of 9386?
2, 13, 19
List the prime factors of 116852.
2, 131, 223
List the prime factors of 1223.
1223
List the prime factors of 1103.
1103
What are the prime factors of 14795?
5, 11, 269
What are the prime factors of 435?
3, 5, 29
List the prime factors of 25534.
2, 17, 751
List the prime factors of 43841.
7, 6263
List the prime factors of 6493.
43, 151
What are the prime factors of 2800?
2, 5, 7
What are the prime factors of 47923?
17, 2819
List the prime factors of 44689.
23, 29, 67
What are the prime factors of 11855?
5, 2371
List the prime factors of 4841.
47, 103
What are the prime factors of 7220?
2, 5, 19
What are the prime factors of 1283?
1283
What are the prime factors of 6184?
2, 773
List the prime factors of 3213.
3, 7, 17
What are the prime factors of 118333?
73, 1621
What are the prime factors of 2106?
2, 3, 13
What are the prime factors of 51059?
51059
List the prime factors of 126383.
47, 2689
List the prime factors of 2070.
2, 3, 5, 23
What are the prime factors of 605?
5, 11
What are the prime factors of 11272?
2, 1409
What are the prime factors of 876?
2, 3, 73
What are the prime factors of 8674?
2, 4337
What are the prime factors of 968?
2, 11
What are the prime factors of 1148?
2, 7, 41
What are the prime factors of 892?
2, 223
What are the prime factors of 1102?
2, 19, 29
What are the prime factors of 1391?
13, 107
List the prime factors of 6928.
2, 433
List the prime factors of 38952.
2, 3, 541
List the prime factors of 9726.
2, 3, 1621
What are the prime factors of 2441?
2441
List the prime factors of 15572.
2, 17, 229
List the prime factors of 21073.
13, 1621
List the prime factors of 8623.
8623
What are the prime factors of 21199?
17, 29, 43
List the prime factors of 14481.
3, 1609
What are the prime factors of 3318?
2, 3, 7, 79
List the prime factors of 23856.
2, 3, 7, 71
List the prime factors of 1550.
2, 5, 31
List the prime factors of 266.
2, 7, 19
List the prime factors of 17375.
5, 139
List the prime factors of 552.
2, 3, 23
What are the prime factors of 713?
23, 31
List the prime factors of 1549.
1549
What are the prime factors of 18334?
2, 89, 103
List the prime factors of 54170.
2, 5, 5417
What are the prime factors of 10695?
3, 5, 23, 31
List the prime factors of 680.
2, 5, 17
What are the prime factors of 941?
941
List the prime factors of 2721.
3, 907
List the prime factors of 7052.
2, 41, 43
What are the prime factors of 1073?
29, 37
What are the prime factors of 238?
2, 7, 17
What are the prime factors of 14254?
2, 7127
List the prime factors of 11155.
5, 23, 97
What are the prime factors of 124234?
2, 11, 5647
What are the prime factors of 198?
2, 3, 11
List the prime factors of 342.
2, 3, 19
What are the prime factors of 11238?
2, 3, 1873
What are the prime factors of 142?
2, 71
List the prime factors of 4324.
2, 23, 47
What are the prime factors of 5481?
3, 7, 29
What are the prime factors of 28602?
2, 3, 7, 227
What are the prime factors of 3395?
5, 7, 97
List the prime factors of 788.
2, 197
What are the prime factors of 915?
3, 5, 61
What are the prime factors of 16444?
2, 4111
What are the prime factors of 2290?
2, 5, 229
What are the prime factors of 2611?
7, 373
What are the prime factors of 1709?
1709
What are the prime factors of 5313?
3, 7, 11, 23
List the prime factors of 40680.
2, 3, 5, 113
What are the prime factors of 4662?
2, 3, 7, 37
List the prime factors of 38128.
2, 2383
What are the prime factors of 1848?
2, 3, 7, 11
What are the prime factors of 8114?
2, 4057
List the prime factors of 4793.
4793
List the prime factors of 10116.
2, 3, 281
List the prime factors of 1772.
2, 443
What are the prime factors of 232?
2, 29
List the prime factors of 3698.
2, 43
List the prime factors of 14683.
14683
List the prime factors of 283.
283
List the prime factors of 15870.
2, 3, 5, 23
List the prime factors of 8107.
11, 67
List the prime factors of 190.
2, 5, 19
What are the prime factors of 40092?
2, 3, 13, 257
What are the prime factors of 3329?
3329
List the prime factors of 129331.
283, 457
List the prime factors of 17112.
2, 3, 23, 31
What are the prime factors of 16712?
2, 2089
List the prime factors of 7473.
3, 47, 53
What are the prime factors of 4208?
2, 263
List the prime factors of 15798.
2, 3, 2633
What are the prime factors of 59882?
2, 79, 379
What are the prime factors of 3242?
2, 1621
List the prime factors of 48001.
23, 2087
List the prime factors of 99470.
2, 5, 7, 29
List the prime factors of 11556.
2, 3, 107
List the prime factors of 11411.
11411
What are the prime factors of 12309?
3, 11, 373
What are the prime factors of 6044?
2, 1511
What are the prime factors of 26457?
3, 8819
What are the prime factors of 57774?
2, 3, 9629
List the prime factors of 12285.
3, 5, 7, 13
What are